pose -4*z + 5*m = 41, 2*m = 13*z - 18*z - 10. What is the tens digit of z - (-180)/42 - 10940/(-28)?
9
Suppose 0 = 2*i, -5*i = 2*w - 3*i + 84. Suppose 0 = -4*r - r - 235. Let k = w - r. What is the units digit of k?
5
Let v be 2 - 0 - (-25 - -5). Let k(i) = i - 21. Let n be k(v). What is the units digit of (4 - 2/n)/(10/355)?
1
Suppose -7*b + 2*b = -36605. What is the tens digit of b?
2
Let t(y) = 30*y**2 + 40*y - 258. What is the hundreds digit of t(7)?
4
Suppose -g - 3*k + 1 = g, 33 = g - 5*k. Suppose -u = -g + 5. Suppose -u*o = 7*o - 1080. What is the units digit of o?
8
Let i = -102 + 105. Suppose -p + 2076 = i*p. Suppose -p = -5*o - 64. What is the units digit of o?
1
Let l(q) = 31097*q**3 - q**2 - 89*q + 90. What is the units digit of l(1)?
7
Suppose v - 2*v = -5*a + 2, -a - 68 = -4*v. Let m(l) = -8*l + l**2 + 0*l**2 - 2*l + 2 - 4*l. What is the tens digit of m(v)?
7
Suppose -73*y + 69*y = 12. What is the units digit of 3/((-1420)/475 - y) + 0?
5
Let f(m) = -m**2 + 30*m - 144. Let n be f(24). What is the tens digit of 8*(n + -2)*(-495)/22?
6
What is the units digit of (-41616)/(-56)*308/66?
8
Suppose -2*s = -3*s + 465. Let v = s - 283. Suppose -6*f + 1406 = v. What is the hundreds digit of f?
2
Let k = -2124 + 2975. Suppose 0 = -2*d + 2*l + 430, 19*d = 15*d + l + k. What is the units digit of d?
2
Suppose -137*u + 75*u + 1884056 = 0. What is the tens digit of u?
8
Let r = -449 - -2002. Suppose -801 = -3*u - 4*h, -r + 481 = -4*u - 4*h. What is the hundreds digit of u?
2
What is the units digit of (604/(-6))/((-13)/(-10296)*-4)?
2
Suppose -510*c - 336 = -516*c. Suppose -c*d + 49*d = -1057. What is the units digit of d?
1
Let d(n) = 2*n + 34*n**2 + 57 - 33*n**2 + 10*n + n. What is the tens digit of d(20)?
1
Let r(p) = 246*p - 17. Let j be r(2). Suppose -j = -4*i - i. What is the tens digit of i?
9
Let q be (-3)/(-9) - (-132)/(-18). Let o(n) = -n**2 - 13*n + 26. What is the units digit of o(q)?
8
Let i be (-6)/(-1) - (5 + -3)*2. What is the tens digit of ((-5)/i)/(6/(-192))?
8
Let q(c) = 2*c - 27. Let r be q(8). Let j(l) = -19 - 9*l**2 + l**2 - 15*l + 7*l**2. What is the tens digit of j(r)?
2
Let p be 2/((8/28)/((-4)/(-7))). Suppose 48 = 3*t - 7*t - p*s, -3*t - 2*s - 31 = 0. Let o = t - -64. What is the tens digit of o?
5
What is the ten thousands digit of (5198/5)/((364/1690)/7)?
3
Let c(t) = 31*t - 8 + 76218*t**3 + 45 + 17*t**2 - 76217*t**3. Let v be 2/(-3) - (-86)/(-6). What is the units digit of c(v)?
2
Let y = 15 - 15. Suppose y = -29*q + 41*q - 9156. What is the hundreds digit of q?
7
Let x(m) = -115*m**2 - 29*m + 31. Let d be x(11). What is the tens digit of d/(-49) - 2/(-14)?
9
Let v(x) = -19*x**3 - 42*x**2 - 192*x - 113. What is the tens digit of v(-15)?
4
Let n(k) = 2*k**2 - 16*k - 18. Let d be n(9). Suppose 6*l - 17 - 13 = d. Suppose 815 = -0*x + l*x. What is the tens digit of x?
6
Suppose -l - 82604 = -5*f, f - 11436 - 5100 = 4*l. What is the hundreds digit of f?
5
Let j(u) = 7369*u - 24. Let h be j(1). What is the tens digit of (6 + -4)/(26/h)?
6
Let f be 97 - 12/(-15)*-5. Let b = 163 - f. Suppose -z + 19 = -b. What is the tens digit of z?
8
Suppose -2*c = 3*o - 16609 + 612, -5*c + 2*o = -40021. What is the hundreds digit of c?
0
Let j be 1 + ((-20)/5)/(-4). Suppose j*y + 47 = 157. Suppose s = -4*d + d + y, 0 = s - 4. What is the tens digit of d?
1
Let k be (90/(-12) - -7)*0/(-1). Suppose k = 3*h - 1685 + 83. What is the tens digit of h?
3
Let f = 95550 - 62093. What is the units digit of f?
7
Let l(m) = -2*m + 1. Let p(g) = 95*g + 25. Let f(y) = -6*l(y) + p(y). What is the hundreds digit of f(8)?
8
Suppose -119 = -2*w + 1355. Suppose 6*k + w = 2*h + k, -4*h = 4*k - 1516. What is the hundreds digit of h?
3
Let b(x) be the second derivative of -3*x**5/20 - x**4/6 + 5*x**3/6 - 5*x**2/2 - 11*x. Let r be b(-4). Suppose r = 4*u + u. What is the tens digit of u?
2
Suppose -16*s + 2*s = -7056. Let n = 1878 - s. What is the hundreds digit of n?
3
Suppose -128*g + 1573861 = -254619. What is the tens digit of g?
8
Let u be ((-29)/(-9) - 1) + 20/(-90). Suppose -u*g + 253 = -265. What is the units digit of g?
9
Let b(q) be the first derivative of q**3/3 + 2*q**2 + 7*q - 25. Let o be b(-10). Suppose -13 = -o*v + 66*v. What is the units digit of v?
3
Suppose 7*s = s + 30. Suppose -5*u + 145 = -s*w - 260, 2*w + 172 = 4*u. Let d = 40 - w. What is the tens digit of d?
1
Let d = -54 + 54. Suppose -5*l - 3*u = -6*u + 43, d = u - 1. What is the units digit of (44 + l)/(1/(20/3))?
0
Let f = 32 + -32. Suppose f = -7*k + 146 - 48. What is the tens digit of (k/(-4))/(-1 - 7/(-8))?
2
What is the thousands digit of ((-9)/6)/(5642/22584 - 4/16)?
8
What is the units digit of 1/(-4) + (-74)/4*6897/(-66)?
3
Let w(d) = -2*d**2 + d. Let z be w(-1). Let a be -3 - (21 - -1)*z. Suppose 3*j - a = 2*j. What is the tens digit of j?
6
Let z(n) be the first derivative of -n**2/2 + 18*n - 33. What is the units digit of z(5)?
3
Let a = 1063 + -706. Let k = a - 232. What is the tens digit of k?
2
Let i = 327 + -337. What is the units digit of ((-15)/i)/(30/4060)?
3
Suppose 4*l - l - 3*s + 4092 = 0, -3*l - 4097 = -2*s. Let m = 1977 + l. What is the hundreds digit of m?
6
Suppose -4*d - 5*q = 9, 2*d - 4*q = 5*d + 8. Suppose 5*k = d*k + 382. Let y = k - 242. What is the units digit of y?
0
Let w(a) be the third derivative of a**8/3360 + a**7/315 + 13*a**5/60 - 14*a**2. Let z(i) be the third derivative of w(i). What is the tens digit of z(-5)?
7
Let t(j) = 70*j**3 + 5*j**2 - 120*j + 1149. What is the ten thousands digit of t(8)?
3
Suppose -8 = 5*y - 33. Suppose 4*z = o - 10, -2*o - 4*z - 14 = -y*o. Suppose -o*a + 126 = a. What is the tens digit of a?
4
Let v(w) = -9*w - 36. Let k be v(-5). Suppose 6*p - 9 = k. Suppose -c = y - 151, -p*y - 4*c = 2*y - 753. What is the units digit of y?
9
Let p = 24 - -36. Let n be 172/p - ((-8)/15)/4. Suppose 2*z + 2*v - 324 = -z, 0 = n*z - 5*v - 324. What is the hundreds digit of z?
1
Suppose 4*z = -3*o - 6, -o = 5*z - 0*o + 2. Suppose z = d - 205 + 78. Let s = 220 - d. What is the units digit of s?
3
Let j(o) = -o - 1. Let h be j(-1). Let a(f) = -2*f - 6. Let m be a(h). What is the tens digit of 8*3*(64/m)/(-4)?
6
Suppose 3020 = 162*n - 164355 - 113695. What is the thousands digit of n?
1
Let l(s) = -3*s**3 + 4*s**2 - 7*s + 16. Let x be l(-5). Suppose 0 = -3*g + 4*n + 1711, -g - 3*n + x + 40 = 0. What is the tens digit of g?
6
Let a be 1 - (-377)/(-5) - 38/(-95). Let v = a + 140. Suppose -15*u = v - 831. What is the tens digit of u?
5
Suppose -8*h - 264 = -16*h. Let g(x) = 9*x**2 - 41 + 28 + h - 14*x. What is the tens digit of g(6)?
6
What is the tens digit of ((-100670)/8)/(755/(-604))?
6
Suppose 2156 + 307084 = 72*u. What is the units digit of u?
5
Let k = -38 + 38. Let u(i) = -4*i - 6. Let t be u(k). Let s(y) = -y**3 - 3*y**2 + y - 10. What is the tens digit of s(t)?
9
What is the thousands digit of (-32 + 42)/(20/9096*(-2)/(-10))?
2
Let t(n) = 17*n + 44. Let g = 147 - 129. Suppose 0 = 5*q - g*q + 78. What is the hundreds digit of t(q)?
1
Let k = 716 + -724. What is the thousands digit of 1461 - 3/((-6)/k)?
1
Let g(w) = w**2 + 8*w + 1. Let l be g(-8). Let m(b) = -2 - 4*b**2 + 14*b**2 - b + l + 73*b**2. What is the units digit of m(1)?
1
Let v = 106 + -58. Suppose -22*s = -17*s + 170. Let x = s + v. What is the tens digit of x?
1
Let f(q) = 47*q**2 + 10*q - 5. Let n be f(-5). Suppose 9*a = a - n. Let t = a + 196. What is the units digit of t?
6
What is the thousands digit of 21 - 17 - -6 - -18014?
8
What is the tens digit of (((-40)/3)/(-20))/((-2)/(-3)) + 5705?
0
Suppose -3*c - 2*g + 2 = 0, 0 = -g - g - 10. Suppose 0 = 2*d + c*d - 3234. Suppose 0 = -2*r + 6, d = 5*y + r + 96. What is the tens digit of y?
8
What is the tens digit of (-19)/21 - 60/630 - -632?
3
Let t(u) = -20*u**3 + 8*u**2 + 19*u + 9. What is the hundreds digit of t(-7)?
1
Suppose 11*l - 20*l = -522. Let w = l - 52. What is the units digit of (-53)/(-7) + w*8/(-84)?
7
Let j(z) = 50*z + 35. Let k be j(6). Let w(u) = k*u + 43 - 670*u + 320*u. What is the units digit of w(-6)?
3
Let j(b) = 18*b**3 + 3*b**2 - 3*b + 192. What is the thousands digit of j(13)?
0
Let y be (4 + 32/7)*(40 - -2). Suppose 0 = 4*b - 2*x + 4*x - 288, 5*b + 2*x = y. What is the tens digit of b?
7
Su